 f be k(o). Let p(i) = -i**3 + 10*i**2 - 8*i - 8. Give p(f).
1
Let o(q) be the second derivative of q**5/20 - q**3/3 - q**2/2 - 2*q. Let c = 39 + -34. Suppose 0 = -5*n - 0 - c. Calculate o(n).
0
Let x(t) = 3*t**2 - 5*t + 5. Let f(o) = -o**2 - 11*o - 9. Let q be f(-10). Calculate x(q).
3
Suppose -5*i = -1 - 4. Let h(g) = 4*g**3 - 6*g - 5*g**3 - 4 - i - 7*g**2 + 2*g**2. Suppose w + 1 = -3. Give h(w).
3
Let x be 51/(-4) - 1/4. Let p(v) = v**2 - 22*v - 9. Let j be p(22). Let r = j - x. Let u(b) = 3*b - 2. Give u(r).
10
Let m(x) = x**2 - 7*x. Suppose -2*b - h - 2*h = -16, 0 = b + 2*h - 9. Give m(b).
-10
Let z(c) be the first derivative of -1/2*c**2 - 1/3*c**3 - 3/4*c**4 + 0*c + 2. Let w be -14*3*5/(-30) + -8. What is z(w)?
3
Let d = 672 + -676. Let s(o) = o**3 + 5*o**2 + 8*o - 1. Determine s(d).
-17
Let h be (2 + -1)/(((-42)/(-49))/6). Let q(g) be the first derivative of -g**2/2 + 8*g + 4. Determine q(h).
1
Let j(c) = -c**2 + c + 3*c - 2 - c**2 + c**3. Suppose -2*l + 20 = -4*k, 2*l + 5*k = -2*l - 12. Calculate j(l).
6
Let n(y) be the first derivative of -y**3/3 - 3*y**2/2 - 10*y - 1. Let q(h) = -h**2 - 7*h - 19. Let a(m) = -5*n(m) + 3*q(m). Let b = -86 + 91. Calculate a(b).
13
Let j(y) = 9*y + 39. Let t(m) = -3*m - 14. Let d(k) = 4*j(k) + 11*t(k). Calculate d(-7).
-19
Let u(o) = -4*o**2 - o - 1. Suppose -3*s = 3*s + 90. Let v be ((-2 - 1) + -11)*1. Let a = s - v. What is u(a)?
-4
Let g = 9 - 9. Let a be (2 + g)*(-18)/12. Let h be -2*4 - (0 + a). Let v(k) = -k**2 - 4*k + 6. Determine v(h).
1
Let c(w) = w**2 + 7*w + 3. Let l = -419 + 419. Suppose -r = -4*f + 4*r + 235, -4*f - 3*r + 211 = 0. Let x be (4 - l) + f/(-5). Give c(x).
3
Let j(k) = -9*k - 8. Let d(v) = -8*v - 8. Let q(m) = -6*d(m) + 5*j(m). What is q(4)?
20
Let i(n) = n**3 + 9*n**2 + 9*n - 5. Suppose 5*s = -3*b - 34, 2 = s + 3*b + 4. Calculate i(s).
-13
Suppose -12*x = 44 + 52. Let w(t) = -t - 4. Let j(p) be the first derivative of -3*p**2/2 - 11*p - 1. Let r(u) = x*w(u) + 3*j(u). What is r(-1)?
0
Let w(x) = -x - 6. Let g be w(-8). Let u be (g/10)/((-1)/(-10)). Let m(i) = 5*i - 26 + 7 + 5 + 12. Calculate m(u).
8
Let c(g) = -g - 8. Let y be 33/22 + 1/(-2) - 1. Give c(y).
-8
Let d = -7 - -10. Let c(v) be the first derivative of -3*v + 1/3*v**3 - 1 - 3/2*v**2. Determine c(d).
-3
Let h(o) = -6*o**2 + 81*o**3 - 44*o**3 - 38*o**3 - 4*o - 5 - 5*o. Calculate h(-3).
-5
Let t(y) = 111*y**2 - 51*y**2 - 58*y**2 - 26*y + 0*y + 0 + 1. What is t(13)?
1
Let m(x) = 3*x**2 + 2*x + 1. Let l(w) = 2*w**2 + w - 3. Let b be l(-2). Let r(s) = -s + 2. Let y be r(b). What is m(y)?
2
Let w(l) = -369*l**2 - l**3 + 2 + 186*l**2 - 1 + 193*l**2 + 2. Suppose -3*q + 26 = -4. Determine w(q).
3
Let j(u) = u + 11. Let y = 1239 - 1233. Give j(y).
17
Suppose -r - 7 = -3*y, -7*r = -2*r - 3*y - 1. Let o(g) = 3 + 2*g**2 + 15*g**r - 10*g - 18*g**2. Determine o(-8).
19
Let w(f) = 2*f**3 - 4*f + 1. Let s(u) = u**2 + 12*u - 43. Let m be s(-15). What is w(m)?
9
Let i(t) be the first derivative of 1/3*t**3 - 3*t - 5*t**2 - 44. Give i(8).
-19
Let p be 3/((-3)/1) + 3. Let o(m) = 13 + 4*m - p*m - m. Let g be o(-11). Let b(h) = -3*h + 1. Calculate b(g).
-5
Let t = 143 - 148. Let c(s) = s**3 + 7*s**2 + 4*s - 5. What is c(t)?
25
Let s(r) = 2*r**2 - 6*r - 3. Suppose -5*v + 5 = -20. Give s(v).
17
Let u(n) = n**3 + 11*n**2 + 9*n - 14. Let h(z) = z**2 - 13*z - 78. Let s be h(17). What is u(s)?
-4
Let g(s) = -7*s**3 - 14*s**2 + 15*s - 10. Let a(i) = -20*i**3 - 41*i**2 + 44*i - 30. Let b(p) = -6*a(p) + 17*g(p). What is b(-9)?
10
Let z(t) be the third derivative of 14*t**2 - 1/6*t**3 + 0*t - 1/120*t**5 - 2/3*t**4 + 0. Let a(y) be the first derivative of z(y). Determine a(0).
-16
Suppose -y + 5 = -s, 3*s + 22 = -4*y + 28. Let g(h) = -h**3 + 3*h**2 - 2*h + 8. What is g(y)?
2
Let v(a) = a + 5. Let g(z) = z**3 - 35*z**2 + 150*z - 10. Let n be g(30). Give v(n).
-5
Let p(b) = 2*b + 7. Suppose 38*q = 32*q + 12. Suppose -2*z + 10 = 0, 2*d + 29 = z + q*z. Give p(d).
-7
Let a = -1735 + 1738. Suppose 0 = -4*k + j + 5, 0 = k + k - 2*j - 10. Let l(g) = k + g + 2 - 1. What is l(a)?
4
Let r be (-8)/2 - (-4 - -5). Let k(o) = -26*o + 2. Let b(y) = 9*y - 1. Let s(q) = 2*q**2 + q - 4. Let c be s(3). Let v(l) = c*b(l) + 6*k(l). Calculate v(r).
10
Let z(k) = -k**3 - k**2 + 10*k + 2. Let f(h) = 2*h + 9*h + h**2 - 12*h - 1. Let q(c) = 5*f(c) + z(c). Let t = -3 + 8. What is q(t)?
-3
Suppose -4*y + 5 = y. Let m(p) = -y + p**2 - 3*p**2 - 1 + 3. Let o be -3 - ((-4)/(-4) + -3). What is m(o)?
-1
Let x(z) = -z**2 + 3*z + 2. Let d(y) = -y - 4. Let k be d(-3). Let p(l) = l**3 - l. Let t be p(k). Suppose 6*h - 2*h - 22 = 2*u, t = -h + 3*u + 18. Give x(h).
2
Suppose -5*h + o - 10 = 5*o, -5*o - 23 = h. Let x(u) be the second derivative of 4*u + 1/3*u**3 + 0 - 1/3*u**4 + 1/2*u**2. What is x(h)?
-11
Let w = 39 + -36. Let p(l) = 53 + 55 + w*l - 106. Give p(-2).
-4
Let q(y) be the second derivative of y**5/20 + 7*y**4/12 - 4*y**3/3 + 5*y**2/2 + 152*y. Give q(-8).
5
Let w = 3 - 1. Suppose -i - w*i = 12. Let c(y) be the second derivative of y**5/20 + 5*y**4/12 + 2*y**3/3 + 6*y + 2. Give c(i).
0
Let f be (6/(-4))/(3/(-4)). Let o(q) = -2 - 44*q + 28*q + f. Determine o(1).
-16
Let r = -41 - -34. Let x(b) = -b - 21. Give x(r).
-14
Let t = -672 + 687. Let y(h) = -h**3 + 15*h**2 - 2*h + 8. What is y(t)?
-22
Let j be (-144)/(-60) + (-4)/10. Suppose -4*c = 5*s + j, 3*s + 0*s - 12 = 2*c. Let r(a) = 13*a - 8*a + a**2 - 5*a**2 + 5*a**2 + s. What is r(-4)?
-2
Let y = -52 - -34. Let r be ((-3)/9)/(1/y). Suppose r*h + 17 = -7. Let a(i) = i**3 + 3*i**2 - 6*i - 1. Give a(h).
7
Let j(a) = -a**2 + 5*a + 6. Let o = -5 + 7. Suppose -3*m + 2*n = -26, -o*m + 4*n + 33 = 5. Give j(m).
0
Let t(h) = 47*h - 325. Let u be t(7). Let j(m) = -m**2 + 5*m. Determine j(u).
4
Let a = -185 + 179. Let i(n) = -n**2 - 11*n - 4. Let f(p) = 2*p**2 + 21*p + 7. Let k(h) = 4*f(h) + 7*i(h). Calculate k(a).
-6
Let w = -467 - -478. Let m(t) = -t**2 + 9*t + 6. What is m(w)?
-16
Let a(h) = 12*h - 3. Let y(i) = -7*i + 2. Let l(q) = -4*a(q) - 7*y(q). Calculate l(8).
6
Let w(p) = -7*p**3 + 13*p**2 + 2*p - 2. Let q be (-33)/(-22)*(-20)/6. Let s(h) = -3*h**3 + 6*h**2 + h - 1. Let g(n) = q*s(n) + 2*w(n). Determine g(3).
-11
Let a(b) = -18 - 17*b**2 + 14*b + 2 + 10*b**2 + 6*b**2. Give a(13).
-3
Let k(q) be the second derivative of q**5/20 - q**4/4 + q**2 - 3*q. Let y(j) = -j**3 + 5*j**2 + 11*j - 27. Let p be y(6). Give k(p).
2
Let o be 39/144*2 + (-1)/2. Let m(i) be the third derivative of o*i**4 + i**2 - 1/3*i**3 + 0*i + 0. What is m(2)?
0
Let o(r) = 5*r**3 - 6*r**2 - 6*r + 7. Let y(i) = -i**3 + i**2 + i - 1. Let l(h) = o(h) + 6*y(h). Let p = 544 - 543. Calculate l(p).
0
Suppose -5*s = -3*v - 2*s + 393, -2*s = -6. Suppose -32 = 17*h - v. Let z(x) = -x**3 + 5*x**2 + x + 8. Give z(h).
-22
Let w(t) = -5*t**3 - 14*t**2 + 6*t - 1. Let h(d) = 6*d**3 + 17*d**2 - 7*d + 2. Let l(a) = -4*h(a) - 5*w(a). Let u be (-3 + 2)/(-2)*-6. Give l(u).
-6
Let g(l) = -l**2 - 11*l - 22. Let o be g(-7). Let a(c) = 5 + 2*c - 2 + o. Give a(-7).
-5
Let n(m) = -m**2 - 13*m - 9. Suppose 6*g + 16 = -32. Calculate n(g).
31
Let l be -2*(9/2)/(-3). Let m be (1 + (-6)/(-9))/((-2)/(-6)). Let z(r) = 37 - 76 + 35 + m*r. What is z(l)?
11
Suppose -2*v - 3*b = b - 2, -20 = 4*v + 2*b. Let c = -14 - v. Let n(w) = -w**3 - 6*w**2 + 7*w. Calculate n(c).
0
Let i(b) = 3*b**3 - 4*b + 0*b**3 + 3*b**3 - 4*b**2 - 7*b**3 + 2. Let v(l) = -l**3 - 7*l**2 - 7*l + 3. Let u(w) = -5*i(w) + 3*v(w). Calculate u(-1).
-3
Let v(f) = -f**3 - 6*f**2 - 4. Let r = 270 + -276. Give v(r).
-4
Let g(b) be the second derivative of b**6/720 + b**5/30 - b**4/12 - 2*b. Let t(s) be the third derivative of g(s). Suppose -109*w = -68*w. Determine t(w).
4
Suppose -3*d - 25 + 10 = 0. Let q = d - -7. Let s = -6 + q. Let p(y) = -2*y - 5. Calculate p(s).
3
Let f be (5/4)/(2/(-8)). Let j(p) = -p**2 + 12*p - 4. Let w be j(8). Let b(u) = -3 + 30*u - w*u + 3 + 5. Determine b(f).
-5
Let i = -5 + 10. Suppose 5*a + 2*u = -u + 13, -i*u - 10 = 2*a. Let t be (8/10)/(1/a). Let v(n) = -n**3 + 3*n**2 + 5*n - 4. What is v(t)?
0
Suppose -2 + 3 = -y. Let f(n) = 8*n**2 + 5*n - 2. Let j(b) = b**2 + b. Let m(z) = y*f(z) + 6*j(z). What is m(2)?
-4
Let l(w) be the second derivative of w**4/12 + w**3/2 - w**2 - 757*w. Calculate l(4).
26
Let r(i)